t - 4*t + 7 + 2*t - t**2. Suppose -3*s + 1 = 2*i, 2*s + 7 = 5*i + 5*s. Suppose -5*l - 32 = -i. Determine v(l).
-5
Let f(r) = 7*r**2 + 3*r - 5. Let v(y) = -10*y**2 - 5*y + 7. Let b(i) = -7*f(i) - 5*v(i). What is b(-2)?
-4
Let h(i) = 9*i**3 - i**2 + 1 + 3*i**3 - 4*i**3. Give h(-1).
-8
Let y(p) = -p + 1. Suppose 0*m + 10 = m - 3*v, -7 = 5*m + 4*v. Let t be y(m). Let u(h) = 0*h + t*h**2 + h**2 - 6*h. Give u(5).
-5
Let j(q) = -q - 17. Let t be j(-13). Let z(k) = -k**3 - 4*k**2 + 4*k + 6. Determine z(t).
-10
Suppose 4*h + 5*g = 2*h + 7, 5*h - 35 = 5*g. Let x(y) = -2*y + 2. What is x(h)?
-10
Let g = 34 + -32. Let m(h) = h - 3. Determine m(g).
-1
Let j(y) = y**3 - 6*y**2 + y - 2. Let o be j(6). Let w = 5 - o. Let t(n) = 5*n**2 + 2*n - 1. What is t(w)?
6
Let d(m) be the second derivative of m**4/12 + 7*m**3/6 + m**2/2 + m. Let y be 4/14 - (-320)/56. Suppose p = -3*j + y*p - 15, 0 = 2*p. Calculate d(j).
-9
Let k(t) be the third derivative of t**6/120 - t**5/30 - t**4/6 + t**3/3 + 48*t**2. Give k(3).
-1
Suppose -2*t = 5*k + 28, -t - 11 - 5 = 3*k. Let f(o) = o**3 + 4*o**2 + o + 2. What is f(k)?
-2
Let w(t) = t**2 + 6*t - 6. Let l(k) = 3*k**2 + 18*k - 18. Let o(p) = -4*l(p) + 11*w(p). What is o(-6)?
6
Let y = 21 - 13. Suppose y = 5*r - 22. Let b(l) = -l**3 + 6*l**2 - l + 8. Give b(r).
2
Let h(f) = -9*f**3 - f**2 - f - 1. Let j(v) = -v + 5. Let k be j(4). Suppose 0 = 3*a - 4*a - k. Let z be a - (0/(-1))/(-1). Determine h(z).
8
Let f(n) be the second derivative of n**3/2 - n**2/2 - 4*n. Suppose -2*o - 1 + 13 = -2*h, 21 = -3*h + 4*o. Determine f(h).
-10
Suppose 3 = -3*m - 9. Let v(s) = -11*s**2 - 19*s**2 - 8*s + 29*s**2 + 5. Let j(y) = -y**2 - 7*y + 4. Let r(b) = 5*j(b) - 4*v(b). What is r(m)?
-4
Suppose -p + 3 + 0 = -4*x, 3*p + 4*x = -7. Let t(a) = a**2 - 1. Let m(s) = 4*s**2 + 7*s + 3. Let y(j) = p*m(j) + 3*t(j). Calculate y(-4).
6
Let v(c) = -5*c**3 + c**2 - 3*c + 1. Let r(d) = 4*d**3 - 2*d**2 + 2*d - 2. Let x(a) = -3*r(a) - 2*v(a). Determine x(3).
-14
Let l be -2 + -2 + -1 + 2. Let r be (-3)/(0 + l/(-6)). Let z(u) = -u**3 - 6*u**2 - u - 3. Determine z(r).
3
Let a(f) = 3*f**2 + f + 1. Let m(c) = -c**2 - c - 1. Let i(x) = -a(x) - 2*m(x). Give i(-1).
-1
Let b(h) = h + 14. Let i be b(-11). Let r(u) = -3*u**3 - u**2 - 3*u**i + 5*u**3 + u - u**2 + 1. Calculate r(-3).
7
Let b(k) = -4*k**3 + 7*k**2 - 3*k + 2. Let i(u) = 5*u**3 - 5*u**3 + u - 2*u**2 + u**3 + u**2. Let a(s) = -b(s) - 3*i(s). Calculate a(4).
-2
Let l = -1 - 1. Let r(c) be the first derivative of c**3/3 + c**2 + 2*c + 4. Determine r(l).
2
Let u be 2 - (0 + 1/1). Suppose u + 3 = z. Let b(c) = -c**2 + 5*c + 1. What is b(z)?
5
Suppose -x + 5 = 5*o, 9 = 5*x - 5*o - 16. Let r(w) = -w**3 - 10*w**2 + 12*w + 11. Let l be r(-11). Let j(g) = -g**2 + 3*g + l - 5*g + 6*g - 4. Calculate j(x).
-9
Let l(h) be the third derivative of h**4/24 + 7*h**3/3 - 9*h**2. Give l(-6).
8
Suppose 2*r = 10 - 4. Let w(o) = 0*o**3 - 2*o**3 - o + r*o - 3*o**2 + 4*o**2. Calculate w(2).
-8
Let l = 19 - 16. Suppose -l*m - 2*t - 7 = 2*t, t = -m - 1. Let o(j) = -j**2 + 4*j - 2. Calculate o(m).
1
Let j(t) be the first derivative of -3 - 4*t - 1/2*t**2. Give j(0).
-4
Let l = 56 - 62. Let d(o) = 5 + 2*o**2 + 7*o - o**2 - 2. Give d(l).
-3
Let f(a) = 2 + 0 + 3*a - a. Let z(l) = 10*l - 12. Let c be z(1). What is f(c)?
-2
Let r be (30/(-25))/((-4)/10). Let l(x) be the first derivative of x**2/2 - 3*x + 2. What is l(r)?
0
Let x(q) = -q - 7. Let k = -21 + 21. Calculate x(k).
-7
Suppose -d + 0*d + 2 = 0. Let n(z) be the second derivative of -z**3 + 0 + 1/12*z**4 + d*z**2 + 2*z. What is n(4)?
-4
Suppose 0 = -3*c + 5*l - 3, -5*l + 2*l = 3*c + 3. Let w be (c - 0)*1*-1. Let i(h) = -7*h + 0*h + 2 - 3. Determine i(w).
-8
Let s(o) = -o**2 - 2*o + 2. Let a be s(-3). Let z(v) = v. Suppose -8 = 2*d - 2. Let q(u) = -5*u + 1. Let w(k) = a*q(k) + d*z(k). What is w(2)?
3
Let s(f) = -28*f + 0 + 1 + 27*f. Calculate s(0).
1
Let u(o) be the first derivative of -o**3/3 + 5*o**2/2 + 2*o - 1. Give u(4).
6
Let z(h) = -h**3 + h. Let q(r) = 2*r**3 - 2*r - 2. Let w(s) = q(s) + z(s). Let o be w(2). Let t(j) = 4 + j - 12*j + o*j + j**2. Determine t(5).
-6
Let l(h) = 2*h**3 + 4*h**2 + 2*h. Let z = 2 + -4. Let k = z + 4. Suppose u + 6 = -k*u. Calculate l(u).
-4
Let q(p) = -p**2 - p + 1. Suppose 5*t - 15 = -0*t - 5*i, -10 = -5*i. Calculate q(t).
-1
Let v(p) = 2*p. Let h(d) = 2*d + 2. Let w be h(-4). Let z = 6 + w. Let k = z - 3. Calculate v(k).
-6
Let g(l) = 33*l - 15. Let h(x) = 2*x - 1. Let c(n) = -g(n) + 15*h(n). Calculate c(-5).
15
Let d(q) = q**2 + q + 6. Suppose 3*c + 3 - 18 = 0. Suppose -c*s + 2*r - 5*r = 3, 0 = -4*r - 4. Determine d(s).
6
Let t(c) = c + 1. Let i be (-9)/(-15) + (-23)/5. Let b be i/6 + 14/3. Give t(b).
5
Let s(y) be the first derivative of y**4/4 + 7*y**3/3 + 2*y**2 + 3*y - 56. What is s(-6)?
15
Let d(k) = k**2 - 9*k + 3. Let s be 7 + -5 - (-6 + 0). Let i be d(s). Let o(c) = -c**3 - 6*c**2 - 5*c - 3. What is o(i)?
-3
Let m(j) = -j + 1. Let f(o) = -3*o + 2. Let z(r) = 2*f(r) - 5*m(r). Suppose -2*l = 5 - 1. Give z(l).
1
Let m(f) = 3*f - 1. Let g(v) = -v**3 + 7*v**2 - 5*v - 5. Let o be (-3)/(-15) - 58/(-10). Let r be g(o). What is m(r)?
2
Let d be (-4)/(-2) + 6 + 2. Suppose -5*q = -d - 5. Let k(j) = 2 - 2*j**2 + 0*j**3 + j**q - 4. Give k(3).
7
Let w be (-4 - -1)*26/(-6). Let v = w - 9. Let z(m) = 3*m**2 + v*m**2 - 5*m**3 - 5*m + 4*m**3 - 5. What is z(6)?
1
Let u(z) = -z**3 - 5*z**2 + 3*z + 8. Let x be u(-5). Let v = x - -6. Let f(b) = -4*b**3 - b**2. Calculate f(v).
3
Let q(k) = 2*k**2 - 11*k + 13. Let a(p) = -p**2 + 5*p - 6. Let c(l) = 9*a(l) + 4*q(l). Calculate c(2).
-4
Let h(j) = 2*j**2 - j + 1. Let i be (4/(-3))/((-16)/24). Give h(i).
7
Suppose 6*x + 13 = -5. Let c = 2 + 0. Let r(z) = 0 - 4 + 5*z - 4*z - z**3 - 2*z**c. Calculate r(x).
2
Let u = 0 - -4. Let p(x) = 4*x**2 - 4*x + 8. Let m(d) = -d**2 - 1. Let y(l) = -3*m(l) - p(l). What is y(u)?
-5
Suppose 7 = m + 4*a, 0*a - 6 = -m - 5*a. Suppose 3*h - 9 = b, 5*h - 4 - m = -b. Let c(i) = 5*i**3 - i**h + 2*i**3. What is c(-1)?
-6
Let g(t) be the third derivative of -5*t**4/24 + t**3/6 + 11*t**2. Suppose 0 = -6*n + 2*n + 12. Let u = n - 5. Determine g(u).
11
Let i be -1 + 2/(3 + -1). Let v(u) be the third derivative of 1/60*u**5 - 7/6*u**3 + 0*u - 2*u**2 + 0 + 0*u**4. Calculate v(i).
-7
Let h(x) = -35*x - 3*x**2 + 37*x - 1 + 2*x**2 - 5*x**2. Calculate h(1).
-5
Suppose -g - 30 = 4*g. Let b(l) = l + 14. What is b(g)?
8
Let y(f) = -f**3 - 6*f**2 + 8*f + 9. Let v be y(-7). Suppose -2 = 3*t - 8. Let k(i) = 2*i - 5*i - 3 + 3*i**2 - v*i**t. What is k(4)?
1
Let v(l) = -l**2 + 2*l + 3. Let s be v(3). Let n(k) = 5*k**2 + 4*k + s*k**2 - 2*k - 2 + k**3. Suppose -4 + 0 = f. Give n(f).
6
Let n(z) = 2 + 2*z + 2 + z**2 - 4. Let k be n(-1). Let u(v) = 2*v + 1. Give u(k).
-1
Let z be -4 - -2 - (3 + -6). Let f(t) = t**2 + t**3 - 2 - z + 1 - 3*t. Calculate f(-2).
0
Let i(y) = -7*y**2 - 6*y + 14. Let k(n) = -3*n**2 - 3*n + 7. Let c(v) = -2*i(v) + 5*k(v). Give c(-5).
-3
Let r(c) = c - 3. Let y(v) = -v**3 - v**2 + 6*v - 3. Let j be y(-3). Calculate r(j).
-6
Suppose 3 = -4*x - 2*k + 1, 4*k = -20. Suppose 0 = 4*f + x - 6. Let t(g) = -2*g + 1. Determine t(f).
-1
Suppose 0 = 3*r - 6*r. Let v(b) = -2*b - 4 - 2*b**2 + r*b**2 - 2*b**2 + b**3 - b. Determine v(5).
6
Let x = -6 - -5. Let p(j) = -5*j. Let q be p(x). Let f(c) = c**2 + 5*c - q*c + 1. Give f(-3).
10
Let s = 11 + -11. Let g(n) = -5*n**3 + 4*n**3 + 3*n - 4 + 4*n**2 + s*n**3. Give g(4).
8
Let d = 1 - 5. Suppose -2*s - 2*h - 3 = -1, -s - 3*h = 7. Let x(y) = y**3 - 4 + 0*y + y - 3*y**2 - s*y**3. Give x(d).
8
Let v = 6 - -9. Suppose -4*r = 0, 3*a = -8*r + 3*r + v. Let d(m) = -m**3 + 4*m**2 + 5*m + 5. Calculate d(a).
5
Let m be (-1)/(-10) - (-142)/(-20). Let v(z) = -z**2 - 4*z + 5. Give v(m).
-16
Let d(i) = -i**2 - 9*i - 10. Let o be d(-7). Suppose 0*a + 7 = a. Let j = a - o. Let p(y) = -y**2 + 3*y - 4. Calculate p(j).
-4
Let o(m) = 4*m + 7. Let u(j) be the first derivative of 3*j**2/2 + 8*j - 4. Let n(z) = -2*o(z) + 3*u(z). Give n(-5).
5
Let k = 54 - 45. Let f(a) = a**2 - 9*a + 4. Calculate f(k).
4
Let c(v) be the second derivative of -v**4/12 - 5*v**3/6 + 3*v**2/2 - 10*v. Calculate c(-5).
3
Suppose -d - 2 - 3 = 0. Let w(l) be the first derivative of -l**2/2 - 2*l + 85. Calcula